*j - 61. Calculate w(12).
-1
Let x(j) = -j**2 + 14*j + 11. Calculate x(16).
-21
Let u(k) = k**2 + 31*k + 175. What is u(-7)?
7
Let w(z) = z**3 + 4*z**2 - 7*z + 5. Calculate w(-6).
-25
Let k(t) = -t + 26. Determine k(-11).
37
Let u(h) = h**3 + 13*h**2 - 15*h - 5. What is u(-14)?
9
Let j(n) = n**2 + 6*n - 13. Give j(-8).
3
Let r(a) = -a**2 + 21*a - 45. What is r(2)?
-7
Let r(i) = -i**3 - 2*i**2 + 2*i - 9. Give r(-3).
-6
Let i(y) = y + 2. Give i(-10).
-8
Let n(l) = -3*l**2 - 10*l - 14. What is n(-5)?
-39
Let o(f) = f**3 - 3*f**2 - 9*f - 12. Determine o(5).
-7
Let j(y) = y - 12. Determine j(7).
-5
Let z(y) = -2*y**2 - 2*y - 12. Calculate z(-7).
-96
Let l(t) = -2*t**3 - t**2 - 2*t. Give l(3).
-69
Let l(g) = -2*g**3 - g**2 - 1. Determine l(-3).
44
Let b(h) = -h + 8. Give b(0).
8
Let k(j) = -2*j**3 + 17*j**2 - 5*j - 29. What is k(8)?
-5
Let d(o) = -o - 8. Calculate d(0).
-8
Let t(c) = c**2 - c - 2. Determine t(4).
10
Let q(y) = 8*y**2 + 11*y. Calculate q(-2).
10
Let r(u) = -u**3 - 9*u**2 - 8*u - 14. Calculate r(-6).
-74
Let q(r) = -r**3 - 2*r**2 + 5*r + 7. What is q(3)?
-23
Let b(m) = -m**2 - 21*m - 31. Calculate b(-19).
7
Let t(u) = -u**3 - 3*u + 1. Calculate t(3).
-35
Let w(u) = u + 3. Calculate w(8).
11
Let r(a) = -a**2 + 13*a - 3. Give r(11).
19
Let k(p) = p**2 - 4*p - 1. What is k(5)?
4
Let j(s) = -10*s - 15. Give j(-3).
15
Let y(p) = -p**3 - 9*p**2 - 7*p + 1. Determine y(-9).
64
Let c(s) = -s**3 - 3*s**2 - 2*s + 2. Give c(-3).
8
Let p(f) = f - 15. Calculate p(11).
-4
Let h(b) = -b**3 - 11*b**2 + 20*b + 93. Give h(-12).
-3
Let x(l) = -13*l**3 + l**2 + 2*l. Give x(-1).
12
Let x(n) = n + 67. Determine x(31).
98
Let c(v) = 9*v**2 - 4*v - 2. What is c(-3)?
91
Let k(y) = 19*y - 295. Give k(16).
9
Let r(y) = y**2 - y + 41. What is r(0)?
41
Let b(n) = n**3 + 4*n**2 + 2*n. What is b(-6)?
-84
Let t(l) = l**2 - 15*l + 60. Determine t(9).
6
Let p(q) = q**3 + 12*q**2 - 14*q - 8. Give p(-13).
5
Let i(m) = 6*m + 108. Calculate i(-17).
6
Let o(k) = k - 32. Give o(27).
-5
Let p(r) = r + 41. Calculate p(-37).
4
Let k(w) = w**2 - 4*w - 24. Determine k(10).
36
Let l(o) = -2*o**2 - 8*o + 1. Give l(-4).
1
Let j(l) = l**2 + 3*l - 1. Give j(-3).
-1
Let y(i) = -6*i + 117. Calculate y(20).
-3
Let n(w) = 2*w - 12. What is n(6)?
0
Let n(h) = -6*h + 119. Give n(17).
17
Let d(l) = -l**2 - 8*l + 11. Calculate d(-9).
2
Let d(y) = -6*y + 4. Determine d(9).
-50
Let s(c) = -7*c - 11. Determine s(-1).
-4
Let d(b) = b**3 - 2*b**2 + 9*b. Give d(4).
68
Let p(m) = 2*m**2 + 3*m + 4. Give p(-2).
6
Let c(u) = u**3 + 6*u**2 + 7*u + 5. What is c(-4)?
9
Let b(o) = o + 10. What is b(-14)?
-4
Let x(t) = -t**2 + 28*t - 133. Calculate x(6).
-1
Let n(b) = -17*b + 11. Determine n(1).
-6
Let a(b) = -10*b - 51. Determine a(-6).
9
Let a(z) = z**3 + 8*z**2 + 4*z - 11. Calculate a(-7).
10
Let t(l) = l**2 - 12*l + 35. Calculate t(6).
-1
Let b(d) = -d**3 - 13*d**2 + 13*d - 15. Calculate b(-14).
-1
Let u(i) = -i + 5. Give u(13).
-8
Let y(o) = o**3 - 5*o**2 + 7*o - 1. Calculate y(3).
2
Let h(j) = 8*j + 6. Give h(-3).
-18
Let a(o) = o**2 + 23*o - 36. What is a(-26)?
42
Let j(z) = z**3 - 5*z**2 + 2*z + 6. Determine j(4).
-2
Let p(c) = -c**2 - 9*c + 8. What is p(-10)?
-2
Let f(l) = l**3 - 3*l**2 - l + 1. Give f(1).
-2
Let f(a) = 14*a - 502. Give f(38).
30
Let z(j) = 2*j + 8. Calculate z(-2).
4
Let c(n) = -n**3 - 8*n**2 - 12*n - 36. Calculate c(-7).
-1
Let s(w) = 2*w - 40. Calculate s(6).
-28
Let y(q) = -36*q + 403. Determine y(11).
7
Let d(c) = -47*c + 812. What is d(17)?
13
Let h(g) = g**2 - 18*g + 29. Determine h(13).
-36
Let t(q) = -2*q - 9. Determine t(-4).
-1
Let m(h) = -2*h**2 + 13*h - 17. Determine m(6).
-11
Let t(w) = 2*w - 30. Determine t(11).
-8
Let w(m) = -14*m - 1. Determine w(-4).
55
Let i(k) = k + 9. Calculate i(-3).
6
Let k(f) = -f**3 + 16*f**2 + 15*f + 5. Calculate k(17).
-29
Let m(w) = -w**2 + 3*w + 1. What is m(2)?
3
Let w(x) = 4*x**3 - x**2 - 3*x + 7. Determine w(0).
7
Let t(w) = -w**2 - 13*w - 38. Calculate t(-8).
2
Let i(n) = n**2 - 6*n - 1. Determine i(0).
-1
Let q(c) = -c**3 + 5*c + 14. Calculate q(4).
-30
Let l(k) = -13*k + 101. Calculate l(9).
-16
Let t(y) = -4*y - 112. What is t(-28)?
0
Let o(g) = -g**3 - 17*g**2 + 3*g + 45. Determine o(-17).
-6
Let v(c) = c**3 + 6*c**2 + 3*c - 4. Calculate v(-5).
6
Let b(z) = 10*z - 6. Calculate b(4).
34
Let h(l) = -6*l + 12. Calculate h(9).
-42
Let v(b) = b - 10. What is v(4)?
-6
Let s(w) = 3*w + 20. Calculate s(-2).
14
Let s(n) = -n**3 - 3*n**2 - 8*n + 1. Calculate s(0).
1
Let c(k) = 6*k**2 - 75*k - 56. What is c(13)?
-17
Let w(j) = -7*j**2 + 10*j + 12. Calculate w(-1).
-5
Let d(k) = -6*k - 149. Give d(-24).
-5
Let k(y) = y**3 + 15*y**2 - 16*y + 12. Determine k(-16).
12
Let s(x) = -x**2 + 20*x - 106. Determine s(7).
-15
Let q(v) = -v**3 + v**2 - 2*v + 5. Determine q(0).
5
Let a(n) = -n**2 - 5*n + 4. What is a(-6)?
-2
Let y(o) = -2*o**2 - 2*o - 1. Calculate y(-3).
-13
Let l(k) = k - 8. What is l(8)?
0
Let a(l) = l**2 + 5*l - 1. Determine a(-5).
-1
Let n(z) = z**2 - 2*z - 3. Give n(7).
32
Let w(k) = k**3 - 2*k**2 - k + 1. Give w(3).
7
Let z(j) = 2*j**2 - 4*j - 14. Determine z(6).
34
Let g(l) = -37*l**2 - l + 1. What is g(1)?
-37
Let d(z) = 43*z - 560. Determine d(13).
-1
Let d(p) = -p**3 - 16*p**2 + 2*p + 12. Determine d(-16).
-20
Let p(u) = -5*u + 9. Give p(5).
-16
Let k(z) = 2*z + 24. Give k(-11).
2
Let j(g) = -29*g**2 + 2*g + 2. Determine j(-1).
-29
Let b(n) = n**2 - 234*n - 2193. Give b(-9).
-6
Let h(q) = q**3 + 3*q**2 + 5*q + 3. What is h(-3)?
-12
Let k(g) = 15*g - 2. Calculate k(-2).
-32
Let c(i) = 5*i - 11. What is c(5)?
14
Let b(a) = a**2 - a - 2. Determine b(3).
4
Let t(w) = w**3 + 5*w**2 - w - 3. Give t(-3).
18
Let p(b) = 22*b - 30. What is p(4)?
58
Let u(a) = -a**2 + 11*a - 3. What is u(9)?
15
Let y(h) = 2*h**3 - 22*h**2 - 2*h + 5. What is y(11)?
-17
Let f(w) = w**3 - 21*w**2 + 6*w - 124. What is f(21)?
2
Let b(j) = -j + 9. What is b(0)?
9
Let q(l) = -l - 7. Calculate q(-1).
-6
Let n(q) = 68*q - 347. Calculate n(5).
-7
Let j(o) = o**2 - 22*o - 120. Determine j(27).
15
Let z(r) = -7*r**2 + 2*r + 2. What is z(-1)?
-7
Let u(s) = -32*s - 65. What is u(-2)?
-1
Let s(z) = -9*z**2 + 2*z - 3. Give s(1).
-10
Let f(i) = 2*i - 22. What is f(21)?
20
Let o(t) = -t**2 - t + 2. Calculate o(-3).
-4
Let k(f) = 5*f - 9. What is k(3)?
6
Let k(g) = -7*g - 32. Give k(-3).
-11
Let p(u) = u**2 - 4*u + 2. Determine p(-6).
62
Let h(d) = -d**2 + 8*d + 22. Give h(10).
2
Let r(m) = -32*m + 164. Give r(5).
4
Let l(f) = f**2 - 14*f - 16. Give l(14).
-16
Let k(q) = q**2 + 11*q + 6. Determine k(-11).
6
Let v(d) = -d**3 + 3*d**2 - 9. Determine v(4).
-25
Let y(g) = g**2 - 6*g - 1. Determine y(7).
6
Let a(n) = -8*n + 10. What is a(4)?
-22
Let i(r) = -27*r - 73. What is i(-3)?
8
Let i(p) = -p**3 - 11*p**2 - 11*p - 37. What is i(-10)?
-27
Let b(p) = -p**2 + 23*p - 60. Give b(3).
0
Let p(u) = 3*u + 6. Calculate p(1).
9
Let g(c) = 36*c - 753. Calculate g(21).
3
Let a(w) = -w**3 - 7*w**2 + 18*w + 5. What is a(-9)?
5
Let h(r) = -r**3 + 7*r**2 + 18*r - 2. Determine h(9).
-2
Let t(a) = 3*a**3 - 2*a**2 - 4*a + 3. What is t(2)?
11
Let c(g) = g**2 + 490*g + 979. Determine c(-2).
3
Let l(b) = 9*b**2 - b - 1. What is l(-2)?
37
Let c(x) = 34*x + 387. What is c(-11)?
13
Let m(z) = 4*z - 14. Give m(-4).
-30
Let t(x) = -9*x**3 - 18*x - 18. Determine t(-1).
9
Let k(h) = h**2 + 19*h + 11. What is k(-6)?
-67
Let o(z) = -z**3 + 19*z**2 - 20*z - 16. Determine o(18).
-52
Let u(p) = -21*p**2 - 2*p + 2. Determine u(1).
-21
Let j(i) = i**2 + 10*i - 5. Determine j(-10).
-5
Let b(r) = -2*r**2 + 11*r + 18. Calculate b(7).
-3
Let n(c) = 2*c**3 - c**2 + 2*c + 4. What is n(-1)?
-1
Let d(x) = -x**2 - 12*x + 1. Determine d(-9).
28
Let a(y) = -11*y + 72. Calculate a(6).
6
Let g(a) = 2*a**2 - 68*a + 118. Give g(32).
-10
Let d(h) = h**3 - 4*h - 3. Give d(-2).
-3
Let n(w) = w + 8. What is n(-7)?
1
Let o(k) = 2*k + 11. What is o(-8)?
-5
Let j(x) = -6*x - 189. What is j(-32)?
3
Let x(v) = -11*v - 10. Determine x(-1).
1
Let m(x) = x**2 - 15*x - 39. Determine m(17).
-5
Let p(z) = -3*z - 50. What is p(-17)?
1
Let u(s) = 3*s**2 + 30*s - 12. What is u(-11)?
21
Let n(x) = x**3 - 5*x**2 + 4*x - 3. What is n(3)?
-9
Let q(n) = n**3 - 5*n**2 + 4*n + 8. Determine q(4).
8
Let j(q) = 2*q**2 - 2*q + 13. Give j(-6).
97
